{"id":304,"date":"2025-02-01T16:11:12","date_gmt":"2025-02-01T15:11:12","guid":{"rendered":"https:\/\/naturjalles.org\/?page_id=304"},"modified":"2025-02-01T17:12:33","modified_gmt":"2025-02-01T16:12:33","slug":"sortie-foret-canejan","status":"publish","type":"page","link":"https:\/\/naturjalles.org\/index.php\/sorties-nature\/sortie-foret-canejan\/","title":{"rendered":"SORTIE FOR\u00caT Can\u00e9jan"},"content":{"rendered":"\n<h1 class=\"wp-block-heading\">29\/09\/2024 sortie foresti\u00e8re d&rsquo;automne<\/h1>\n\n\n\n<p>P<\/p>\n\n\n\n<figure class=\"wp-block-image size-large\"><img loading=\"lazy\" decoding=\"async\" width=\"768\" height=\"1024\" src=\"https:\/\/naturjalles.org\/wp-content\/uploads\/2025\/02\/20240929_145254-768x1024.jpg\" alt=\"\" class=\"wp-image-307\" srcset=\"https:\/\/naturjalles.org\/wp-content\/uploads\/2025\/02\/20240929_145254-768x1024.jpg 768w, https:\/\/naturjalles.org\/wp-content\/uploads\/2025\/02\/20240929_145254-225x300.jpg 225w, https:\/\/naturjalles.org\/wp-content\/uploads\/2025\/02\/20240929_145254-1152x1536.jpg 1152w, https:\/\/naturjalles.org\/wp-content\/uploads\/2025\/02\/20240929_145254-1536x2048.jpg 1536w, https:\/\/naturjalles.org\/wp-content\/uploads\/2025\/02\/20240929_145254-scaled.jpg 1920w\" sizes=\"auto, (max-width: 768px) 100vw, 768px\" \/><figcaption>Les \u00a0\u00bb 7 fr\u00e8res\u00a0\u00bb<\/figcaption><\/figure>\n\n\n\n<p><a href=\"mailto:?subject=%F0%9F%97%93%EF%B8%8F%20Inscrivez-vous%20d%C3%A8s%20maintenant%20pour%20l%E2%80%99%C3%A9v%C3%A9nement%2029\/09\/2024%20sortie%20foresti%C3%A8re%20d%27automne%20sur%20HelloAsso&amp;body=https:\/\/www.helloasso.com\/associations\/naturjalles\/evenements\/29-09-2024-sortie-forestiere-d-automne\"><\/a><\/p>\n\n\n\n<p>&nbsp;Le 29 septembre 2024, \u00e0 partir de 11h30Avec notre guide expert, venez \u00e0 la rencontre de la for\u00eat de Can\u00e9jean, riche d&rsquo;une grande vari\u00e9t\u00e9 de milieux, pour d\u00e9couvrir son histoire, identifier nos amis les arbres dans la splendeur de leur feuillage automnal et \u00e9prouver par vos sens leur pouvoir.<\/p>\n\n\n\n<p>La for\u00eat de Can\u00e9jan est une fraction de l\u2019ancienne for\u00eat de Bordeaux \u00e0 l\u2019\u00e9poque gallo-romaine.&nbsp;<\/p>\n\n\n\n<p>Elle est travers\u00e9e par la <strong>rivi\u00e8re Eau-Bourde<\/strong> aliment\u00e9e par de nombreux ruisseaux venus du plateau landais ce qui a permis un essor rural concr\u00e9tis\u00e9 au XIIIe si\u00e8cle par l\u2019activit\u00e9 de nombreux moulins.<\/p>\n\n\n\n<p>La diversit\u00e9 de milieux&nbsp;est remarquable: ch\u00eanaie charm\u00e9e, pignadars de pins maritimes ou de pins \u00e0 l\u2019encens, parcelles \u00e0 haute valeur patrimoniales en b\u00e9tulaie ou aulnaie\u2026<\/p>\n\n\n\n<p>Avec notre <strong>guide expert, Jean-Fran\u00e7ois LARCHE,<\/strong> nous irons \u00e0 la d\u00e9couverte de la for\u00eat dans sa dimension g\u00e9ologique, historique, \u00e9cologique, symbolique et sensuelle\u2026<\/p>\n\n\n\n<p>Informations pratiques:<\/p>\n\n\n\n<p><strong>Rendez-vous \u00e0 11h30 sur le parc de stationnement du Centre Simone Signoret, chemin du Cassiot &nbsp;\u00e0 CANEJAN ( un covoiturage sera propos\u00e9e )<\/strong><\/p>\n\n\n\n<p><strong>Apportez votre pique-nique.&nbsp;<\/strong><\/p>\n\n\n\n<p><strong>Pr\u00e9voyez des chaussures confortables et de l&rsquo;anti-moustique.<\/strong><\/p>\n\n\n\n<p>A bient\u00f4t!<\/p>\n\n\n\n<p>Martine Leblond<\/p>\n","protected":false},"excerpt":{"rendered":"<p>29\/09\/2024 sortie foresti\u00e8re d&rsquo;automne P &nbsp;Le 29 septembre 2024, \u00e0 partir de 11h30Avec notre guide expert, venez \u00e0 la rencontre de la for\u00eat de Can\u00e9jean, riche d&rsquo;une grande vari\u00e9t\u00e9 de milieux, pour d\u00e9couvrir son histoire, identifier nos amis les arbres dans la splendeur de leur feuillage automnal et \u00e9prouver par vos sens leur pouvoir. La [&hellip;]<\/p>\n","protected":false},"author":1,"featured_media":0,"parent":153,"menu_order":4,"comment_status":"closed","ping_status":"closed","template":"","meta":{"_monsterinsights_skip_tracking":false,"_monsterinsights_sitenote_active":false,"_monsterinsights_sitenote_note":"","_monsterinsights_sitenote_category":0,"footnotes":""},"class_list":["post-304","page","type-page","status-publish","hentry"],"_links":{"self":[{"href":"https:\/\/naturjalles.org\/index.php\/wp-json\/wp\/v2\/pages\/304","targetHints":{"allow":["GET"]}}],"collection":[{"href":"https:\/\/naturjalles.org\/index.php\/wp-json\/wp\/v2\/pages"}],"about":[{"href":"https:\/\/naturjalles.org\/index.php\/wp-json\/wp\/v2\/types\/page"}],"author":[{"embeddable":true,"href":"https:\/\/naturjalles.org\/index.php\/wp-json\/wp\/v2\/users\/1"}],"replies":[{"embeddable":true,"href":"https:\/\/naturjalles.org\/index.php\/wp-json\/wp\/v2\/comments?post=304"}],"version-history":[{"count":3,"href":"https:\/\/naturjalles.org\/index.php\/wp-json\/wp\/v2\/pages\/304\/revisions"}],"predecessor-version":[{"id":308,"href":"https:\/\/naturjalles.org\/index.php\/wp-json\/wp\/v2\/pages\/304\/revisions\/308"}],"up":[{"embeddable":true,"href":"https:\/\/naturjalles.org\/index.php\/wp-json\/wp\/v2\/pages\/153"}],"wp:attachment":[{"href":"https:\/\/naturjalles.org\/index.php\/wp-json\/wp\/v2\/media?parent=304"}],"curies":[{"name":"wp","href":"https:\/\/api.w.org\/{rel}","templated":true}]}}

SORTIE FORÊT Canéjan

<h1 class="wp-block-heading">29/09/2024 sortie forestière d&rsquo;automne</h1>



<p>P</p>



<figure class="wp-block-image size-large"><img loading="lazy" decoding="async" width="768" height="1024" src="https://naturjalles.org/wp-content/uploads/2025/02/20240929_145254-768x1024.jpg" alt="" class="wp-image-307" srcset="https://naturjalles.org/wp-content/uploads/2025/02/20240929_145254-768x1024.jpg 768w, https://naturjalles.org/wp-content/uploads/2025/02/20240929_145254-225x300.jpg 225w, https://naturjalles.org/wp-content/uploads/2025/02/20240929_145254-1152x1536.jpg 1152w, https://naturjalles.org/wp-content/uploads/2025/02/20240929_145254-1536x2048.jpg 1536w, https://naturjalles.org/wp-content/uploads/2025/02/20240929_145254-scaled.jpg 1920w" sizes="auto, (max-width: 768px) 100vw, 768px" /><figcaption>Les  » 7 frères »</figcaption></figure>



<p><a href="mailto:?subject=%F0%9F%97%93%EF%B8%8F%20Inscrivez-vous%20d%C3%A8s%20maintenant%20pour%20l%E2%80%99%C3%A9v%C3%A9nement%2029/09/2024%20sortie%20foresti%C3%A8re%20d%27automne%20sur%20HelloAsso&amp;body=https://www.helloasso.com/associations/naturjalles/evenements/29-09-2024-sortie-forestiere-d-automne"></a></p>



<p>&nbsp;Le 29 septembre 2024, à partir de 11h30Avec notre guide expert, venez à la rencontre de la forêt de Canéjean, riche d&rsquo;une grande variété de milieux, pour découvrir son histoire, identifier nos amis les arbres dans la splendeur de leur feuillage automnal et éprouver par vos sens leur pouvoir.</p>



<p>La forêt de Canéjan est une fraction de l’ancienne forêt de Bordeaux à l’époque gallo-romaine.&nbsp;</p>



<p>Elle est traversée par la <strong>rivière Eau-Bourde</strong> alimentée par de nombreux ruisseaux venus du plateau landais ce qui a permis un essor rural concrétisé au XIIIe siècle par l’activité de nombreux moulins.</p>



<p>La diversité de milieux&nbsp;est remarquable: chênaie charmée, pignadars de pins maritimes ou de pins à l’encens, parcelles à haute valeur patrimoniales en bétulaie ou aulnaie…</p>



<p>Avec notre <strong>guide expert, Jean-François LARCHE,</strong> nous irons à la découverte de la forêt dans sa dimension géologique, historique, écologique, symbolique et sensuelle…</p>



<p>Informations pratiques:</p>



<p><strong>Rendez-vous à 11h30 sur le parc de stationnement du Centre Simone Signoret, chemin du Cassiot &nbsp;à CANEJAN ( un covoiturage sera proposée )</strong></p>



<p><strong>Apportez votre pique-nique.&nbsp;</strong></p>



<p><strong>Prévoyez des chaussures confortables et de l&rsquo;anti-moustique.</strong></p>



<p>A bientôt!</p>



<p>Martine Leblond</p>

<p>29/09/2024 sortie forestière d&rsquo;automne P &nbsp;Le 29 septembre 2024, à partir de 11h30Avec notre guide expert, venez à la rencontre de la forêt de Canéjean, riche d&rsquo;une grande variété de milieux, pour découvrir son histoire, identifier nos amis les arbres dans la splendeur de leur feuillage automnal et éprouver par vos sens leur pouvoir. La [&hellip;]</p>
