{"id":176,"date":"2020-01-19T21:04:21","date_gmt":"2020-01-19T20:04:21","guid":{"rendered":"https:\/\/naturjalles.org\/?page_id=176"},"modified":"2020-02-18T15:57:27","modified_gmt":"2020-02-18T14:57:27","slug":"176-2","status":"publish","type":"page","link":"https:\/\/naturjalles.org\/index.php\/176-2\/","title":{"rendered":"L&rsquo;association Natur&rsquo;Jalles"},"content":{"rendered":"\n<p class=\"has-medium-font-size\"><strong>Pr\u00e9sentation<\/strong><\/p>\n\n\n\n<p>Association de loi 1901 de d\u00e9fense de l&rsquo;environnement, Natur&rsquo;Jalles a pour vocation et selon la charte de l&rsquo;environnement de prot\u00e9ger, conserver, restaurer et d\u00e9velopper sur le territoire de Saint M\u00e9dard-en-Jalles et ses communes limitrophes :<\/p>\n\n\n\n<ul class=\"wp-block-list\"><li>les espaces, les ressources, les milieux et les habitats naturels<\/li><li>les esp\u00e8ces animales et v\u00e9g\u00e9tales<\/li><li>la diversit\u00e9 et les \u00e9quilibres fondamentaux \u00e9cologiques<\/li><li>l&rsquo;air, l&rsquo;eau, les sols, les sites, les paysages et le cadre de vie<\/li><li>de lutter contre les pollutions et les nuisances<\/li><li>de promouvoir la d\u00e9couverte et l&rsquo;acc\u00e8s \u00e0 la nature<\/li><\/ul>\n\n\n\n<p class=\"has-medium-font-size\"><strong>Pourquoi choisir Natur&rsquo;Jalles ?<\/strong><\/p>\n\n\n\n<p>Participer aux sorties nature de l&rsquo;association, gratuites pour les adh\u00e9rents, 5\u20ac pour les non-adh\u00e9rents.<\/p>\n\n\n\n<p>Accueillir la biodiversit\u00e9 chez soi avec un jardin sans pesticides, comportant des abris pour la faune et les zones en friche.<\/p>\n\n\n\n<p>Recueillir les animaux sauvages bless\u00e9s et les apporter au centre de sauvegarde de la LPO d&rsquo;Audenge.<\/p>\n\n\n\n<p>Changer ses habitudes pour aller vers un mode de vie plus sobre et respectueux.<\/p>\n\n\n\n<p>Informer l&rsquo;association des atteintes \u00e0 l&rsquo;environnement constat\u00e9es sur la communes et les environs.<\/p>\n\n\n\n<p>R\u00e9pondre aux enqu\u00eates publiques signal\u00e9es par Natur&rsquo;Jalles.<\/p>\n\n\n\n<p>\u00catre b\u00e9n\u00e9vole \u00e0 l&rsquo;association.<\/p>\n","protected":false},"excerpt":{"rendered":"<p>Pr\u00e9sentation Association de loi 1901 de d\u00e9fense de l&rsquo;environnement, Natur&rsquo;Jalles a pour vocation et selon la charte de l&rsquo;environnement de prot\u00e9ger, conserver, restaurer et d\u00e9velopper sur le territoire de Saint M\u00e9dard-en-Jalles et ses communes limitrophes : les espaces, les ressources, les milieux et les habitats naturels les esp\u00e8ces animales et v\u00e9g\u00e9tales la diversit\u00e9 et les [&hellip;]<\/p>\n","protected":false},"author":1,"featured_media":0,"parent":0,"menu_order":0,"comment_status":"closed","ping_status":"closed","template":"","meta":{"_monsterinsights_skip_tracking":false,"_monsterinsights_sitenote_active":false,"_monsterinsights_sitenote_note":"","_monsterinsights_sitenote_category":0,"footnotes":""},"class_list":["post-176","page","type-page","status-publish","hentry"],"_links":{"self":[{"href":"https:\/\/naturjalles.org\/index.php\/wp-json\/wp\/v2\/pages\/176","targetHints":{"allow":["GET"]}}],"collection":[{"href":"https:\/\/naturjalles.org\/index.php\/wp-json\/wp\/v2\/pages"}],"about":[{"href":"https:\/\/naturjalles.org\/index.php\/wp-json\/wp\/v2\/types\/page"}],"author":[{"embeddable":true,"href":"https:\/\/naturjalles.org\/index.php\/wp-json\/wp\/v2\/users\/1"}],"replies":[{"embeddable":true,"href":"https:\/\/naturjalles.org\/index.php\/wp-json\/wp\/v2\/comments?post=176"}],"version-history":[{"count":2,"href":"https:\/\/naturjalles.org\/index.php\/wp-json\/wp\/v2\/pages\/176\/revisions"}],"predecessor-version":[{"id":267,"href":"https:\/\/naturjalles.org\/index.php\/wp-json\/wp\/v2\/pages\/176\/revisions\/267"}],"wp:attachment":[{"href":"https:\/\/naturjalles.org\/index.php\/wp-json\/wp\/v2\/media?parent=176"}],"curies":[{"name":"wp","href":"https:\/\/api.w.org\/{rel}","templated":true}]}}

<p class="has-medium-font-size"><strong>Présentation</strong></p>



<p>Association de loi 1901 de défense de l&rsquo;environnement, Natur&rsquo;Jalles a pour vocation et selon la charte de l&rsquo;environnement de protéger, conserver, restaurer et développer sur le territoire de Saint Médard-en-Jalles et ses communes limitrophes :</p>



<ul class="wp-block-list"><li>les espaces, les ressources, les milieux et les habitats naturels</li><li>les espèces animales et végétales</li><li>la diversité et les équilibres fondamentaux écologiques</li><li>l&rsquo;air, l&rsquo;eau, les sols, les sites, les paysages et le cadre de vie</li><li>de lutter contre les pollutions et les nuisances</li><li>de promouvoir la découverte et l&rsquo;accès à la nature</li></ul>



<p class="has-medium-font-size"><strong>Pourquoi choisir Natur&rsquo;Jalles ?</strong></p>



<p>Participer aux sorties nature de l&rsquo;association, gratuites pour les adhérents, 5€ pour les non-adhérents.</p>



<p>Accueillir la biodiversité chez soi avec un jardin sans pesticides, comportant des abris pour la faune et les zones en friche.</p>



<p>Recueillir les animaux sauvages blessés et les apporter au centre de sauvegarde de la LPO d&rsquo;Audenge.</p>



<p>Changer ses habitudes pour aller vers un mode de vie plus sobre et respectueux.</p>



<p>Informer l&rsquo;association des atteintes à l&rsquo;environnement constatées sur la communes et les environs.</p>



<p>Répondre aux enquêtes publiques signalées par Natur&rsquo;Jalles.</p>



<p>Être bénévole à l&rsquo;association.</p>

<p>Présentation Association de loi 1901 de défense de l&rsquo;environnement, Natur&rsquo;Jalles a pour vocation et selon la charte de l&rsquo;environnement de protéger, conserver, restaurer et développer sur le territoire de Saint Médard-en-Jalles et ses communes limitrophes : les espaces, les ressources, les milieux et les habitats naturels les espèces animales et végétales la diversité et les [&hellip;]</p>
