{"id":132,"date":"2020-01-19T11:50:36","date_gmt":"2020-01-19T10:50:36","guid":{"rendered":"https:\/\/naturjalles.org\/?page_id=132"},"modified":"2025-01-30T11:15:28","modified_gmt":"2025-01-30T10:15:28","slug":"qui-sommes-nous","status":"publish","type":"page","link":"https:\/\/naturjalles.org\/index.php\/qui-sommes-nous\/","title":{"rendered":"Qui sommes-nous?"},"content":{"rendered":"<p><!--StartFragment--><\/p>\n\n\n<h2 class=\"wp-block-heading\"><strong>Pr\u00e9sentation<\/strong><\/h2>\n\n\n\n<div class=\"wp-block-group\"><div class=\"wp-block-group__inner-container is-layout-flow wp-block-group-is-layout-flow\">\n<div class=\"wp-block-group\"><div class=\"wp-block-group__inner-container is-layout-flow wp-block-group-is-layout-flow\">\n<p>Association de loi 1901 de d\u00e9fense de l&rsquo;environnement, Natur&rsquo;Jalles a pour vocation et selon la charte de l&rsquo;environnement de prot\u00e9ger, conserver, restaurer et d\u00e9velopper sur le territoire de Saint M\u00e9dard-en-Jalles et ses communes limitrophes :<\/p>\n\n\n\n<ul class=\"wp-block-list\"><li> les espaces, les ressources, les milieux et les habitats naturels<\/li><li>les esp\u00e8ces animales et v\u00e9g\u00e9tales<\/li><li>la diversit\u00e9 et les \u00e9quilibres fondamentaux \u00e9cologiques<\/li><li>l&rsquo;air, l&rsquo;eau, les sols, les sites, les paysages et le cadre de vie<\/li><li>de lutter contre les pollutions et les nuisances<\/li><li>de promouvoir la d\u00e9couverte et l&rsquo;acc\u00e8s \u00e0 la nature <\/li><\/ul>\n<\/div><\/div>\n\n\n\n\n\n<p><\/p>\n\n\n\n<div class=\"wp-block-group\"><div class=\"wp-block-group__inner-container is-layout-flow wp-block-group-is-layout-flow\">\n<h2 class=\"wp-block-heading\"><strong>Pourquoi choisir Natur&rsquo;Jalles ?<\/strong> <\/h2>\n\n\n\n<p> Participer aux <a href=\"https:\/\/naturjalles.org\/index.php\/sorties-nature\/?preview_id=153&amp;preview_nonce=b32c3f4176&amp;preview=true\">sorties nature<\/a> de l\u2019association, gratuites pour les adh\u00e9rents, 6\u20ac pour les non-adh\u00e9rents.  <\/p>\n\n\n\n<p>Accueillir la biodiversit\u00e9 chez soi avec un jardin sans pesticides, comportant des abris pour la faune et les zones en friche.  <\/p>\n\n\n\n<p>Recueillir les animaux sauvages bless\u00e9s et les apporter au centre de sauvegarde de la LPO d\u2019Audenge.  <\/p>\n\n\n\n<p>Changer ses habitudes pour aller vers un mode de vie plus sobre et respectueux.  <\/p>\n\n\n\n<p>Informer l\u2019association des atteintes \u00e0 l\u2019environnement constat\u00e9es sur la communes et les environs.  <\/p>\n\n\n\n<p>R\u00e9pondre aux enqu\u00eates publiques signal\u00e9es par Natur\u2019Jalles.  <\/p>\n\n\n\n<p>\u00catre <a href=\"https:\/\/www.helloasso.com\/associations\/naturjalles\/adhesions\/bulletin-d-adhesion-natur-jalles\">b\u00e9n\u00e9vole<\/a> \u00e0 l\u2019association. <\/p>\n<\/div><\/div>\n\n\n\n<div class=\"wp-block-group\"><div class=\"wp-block-group__inner-container is-layout-flow wp-block-group-is-layout-flow\">\n<div class=\"wp-block-group\"><div class=\"wp-block-group__inner-container is-layout-flow wp-block-group-is-layout-flow\">\n<h2 class=\"wp-block-heading\">Le conseil d&rsquo;administration<\/h2>\n<\/div><\/div>\n\n\n\n<p><strong>Pr\u00e9sidente<\/strong> : Martine LEBLOND<\/p>\n\n\n\n<p><strong>Tr\u00e9sorier<\/strong> : Thierry LEBLOND<\/p>\n\n\n\n<p><strong>Secr\u00e9taire<\/strong> : Patricia LOUVEL<\/p>\n<\/div><\/div>\n<\/div><\/div>\n\n\n\n<div class=\"wp-block-group is-layout-flow wp-block-group-is-layout-flow\"><div class=\"wp-block-group__inner-container\"><\/div><\/div>\n","protected":false},"excerpt":{"rendered":"<p>Pr\u00e9sentation Association de loi 1901 de d\u00e9fense de l&rsquo;environnement, Natur&rsquo;Jalles a pour vocation et selon la charte de l&rsquo;environnement de prot\u00e9ger, conserver, restaurer et d\u00e9velopper sur le territoire de Saint M\u00e9dard-en-Jalles et ses communes limitrophes : les espaces, les ressources, les milieux et les habitats naturels les esp\u00e8ces animales et v\u00e9g\u00e9tales la diversit\u00e9 et les [&hellip;]<\/p>\n","protected":false},"author":1,"featured_media":0,"parent":0,"menu_order":0,"comment_status":"closed","ping_status":"closed","template":"","meta":{"_monsterinsights_skip_tracking":false,"_monsterinsights_sitenote_active":false,"_monsterinsights_sitenote_note":"","_monsterinsights_sitenote_category":0,"footnotes":""},"class_list":["post-132","page","type-page","status-publish","hentry"],"_links":{"self":[{"href":"https:\/\/naturjalles.org\/index.php\/wp-json\/wp\/v2\/pages\/132","targetHints":{"allow":["GET"]}}],"collection":[{"href":"https:\/\/naturjalles.org\/index.php\/wp-json\/wp\/v2\/pages"}],"about":[{"href":"https:\/\/naturjalles.org\/index.php\/wp-json\/wp\/v2\/types\/page"}],"author":[{"embeddable":true,"href":"https:\/\/naturjalles.org\/index.php\/wp-json\/wp\/v2\/users\/1"}],"replies":[{"embeddable":true,"href":"https:\/\/naturjalles.org\/index.php\/wp-json\/wp\/v2\/comments?post=132"}],"version-history":[{"count":13,"href":"https:\/\/naturjalles.org\/index.php\/wp-json\/wp\/v2\/pages\/132\/revisions"}],"predecessor-version":[{"id":301,"href":"https:\/\/naturjalles.org\/index.php\/wp-json\/wp\/v2\/pages\/132\/revisions\/301"}],"wp:attachment":[{"href":"https:\/\/naturjalles.org\/index.php\/wp-json\/wp\/v2\/media?parent=132"}],"curies":[{"name":"wp","href":"https:\/\/api.w.org\/{rel}","templated":true}]}}

<p><!--StartFragment--></p>


<h2 class="wp-block-heading"><strong>Présentation</strong></h2>



<div class="wp-block-group"><div class="wp-block-group__inner-container is-layout-flow wp-block-group-is-layout-flow">
<div class="wp-block-group"><div class="wp-block-group__inner-container is-layout-flow wp-block-group-is-layout-flow">
<p>Association de loi 1901 de défense de l&rsquo;environnement, Natur&rsquo;Jalles a pour vocation et selon la charte de l&rsquo;environnement de protéger, conserver, restaurer et développer sur le territoire de Saint Médard-en-Jalles et ses communes limitrophes :</p>



<ul class="wp-block-list"><li> les espaces, les ressources, les milieux et les habitats naturels</li><li>les espèces animales et végétales</li><li>la diversité et les équilibres fondamentaux écologiques</li><li>l&rsquo;air, l&rsquo;eau, les sols, les sites, les paysages et le cadre de vie</li><li>de lutter contre les pollutions et les nuisances</li><li>de promouvoir la découverte et l&rsquo;accès à la nature </li></ul>
</div></div>





<p></p>



<div class="wp-block-group"><div class="wp-block-group__inner-container is-layout-flow wp-block-group-is-layout-flow">
<h2 class="wp-block-heading"><strong>Pourquoi choisir Natur&rsquo;Jalles ?</strong> </h2>



<p> Participer aux <a href="https://naturjalles.org/index.php/sorties-nature/?preview_id=153&amp;preview_nonce=b32c3f4176&amp;preview=true">sorties nature</a> de l’association, gratuites pour les adhérents, 6€ pour les non-adhérents.  </p>



<p>Accueillir la biodiversité chez soi avec un jardin sans pesticides, comportant des abris pour la faune et les zones en friche.  </p>



<p>Recueillir les animaux sauvages blessés et les apporter au centre de sauvegarde de la LPO d’Audenge.  </p>



<p>Changer ses habitudes pour aller vers un mode de vie plus sobre et respectueux.  </p>



<p>Informer l’association des atteintes à l’environnement constatées sur la communes et les environs.  </p>



<p>Répondre aux enquêtes publiques signalées par Natur’Jalles.  </p>



<p>Être <a href="https://www.helloasso.com/associations/naturjalles/adhesions/bulletin-d-adhesion-natur-jalles">bénévole</a> à l’association. </p>
</div></div>



<div class="wp-block-group"><div class="wp-block-group__inner-container is-layout-flow wp-block-group-is-layout-flow">
<div class="wp-block-group"><div class="wp-block-group__inner-container is-layout-flow wp-block-group-is-layout-flow">
<h2 class="wp-block-heading">Le conseil d&rsquo;administration</h2>
</div></div>



<p><strong>Présidente</strong> : Martine LEBLOND</p>



<p><strong>Trésorier</strong> : Thierry LEBLOND</p>



<p><strong>Secrétaire</strong> : Patricia LOUVEL</p>
</div></div>
</div></div>



<div class="wp-block-group is-layout-flow wp-block-group-is-layout-flow"><div class="wp-block-group__inner-container"></div></div>

<p>Présentation Association de loi 1901 de défense de l&rsquo;environnement, Natur&rsquo;Jalles a pour vocation et selon la charte de l&rsquo;environnement de protéger, conserver, restaurer et développer sur le territoire de Saint Médard-en-Jalles et ses communes limitrophes : les espaces, les ressources, les milieux et les habitats naturels les espèces animales et végétales la diversité et les [&hellip;]</p>
